{"id":1701,"date":"2015-02-03T16:34:52","date_gmt":"2015-02-03T16:34:52","guid":{"rendered":"http:\/\/fundacionpuertocolombia.org\/?page_id=1701"},"modified":"2024-03-19T15:13:43","modified_gmt":"2024-03-19T20:13:43","slug":"estacion-arte","status":"publish","type":"page","link":"https:\/\/fundacionpuertocolombia.org\/en\/proyectos\/estacion-arte\/","title":{"rendered":"Estacionarte"},"content":{"rendered":"<p><a href=\"http:\/\/fundacionpuertocolombia.org\/wp-content\/uploads\/2015\/02\/estacion-ferrocarril-foto-Juan-C-Segura.jpg\"><img fetchpriority=\"high\" decoding=\"async\" class=\"alignleft wp-image-2789\" src=\"http:\/\/fundacionpuertocolombia.org\/wp-content\/uploads\/2015\/02\/estacion-ferrocarril-foto-Juan-C-Segura.jpg\" alt=\"estacion ferrocarril, foto Juan C Segura\" width=\"350\" height=\"518\" srcset=\"https:\/\/fundacionpuertocolombia.org\/wp-content\/uploads\/2015\/02\/estacion-ferrocarril-foto-Juan-C-Segura.jpg 510w, https:\/\/fundacionpuertocolombia.org\/wp-content\/uploads\/2015\/02\/estacion-ferrocarril-foto-Juan-C-Segura-203x300.jpg 203w, https:\/\/fundacionpuertocolombia.org\/wp-content\/uploads\/2015\/02\/estacion-ferrocarril-foto-Juan-C-Segura-101x150.jpg 101w\" sizes=\"(max-width: 350px) 100vw, 350px\" \/><\/a><span style=\"color: #800000;\"><strong><a style=\"color: #800000;\" title=\"CINE A LA PLAZA (Todos los martes)\" href=\"http:\/\/fundacionpuertocolombia.org\/en\/proyectos\/estacion-arte\/cine-club\/\">Cine a la Plaza<\/a><\/strong><\/span><\/p>\n<p><span style=\"color: #800000;\"><strong><a style=\"color: #800000;\" title=\"Cine Foro la Estaci\u00f3n\" href=\"http:\/\/fundacionpuertocolombia.org\/en\/proyectos\/estacion-arte\/cine-foro-la-estacion\/\">Cine Foro La Estaci\u00f3n<\/a><\/strong><\/span><\/p>\n<p><span style=\"color: #800000;\"><strong><a style=\"color: #800000;\" href=\"http:\/\/fundacionpuertocolombia.org\/en\/ultimas-exposiciones\/\">Exposiciones (trimestrales)<\/a><\/strong><\/span><\/p>\n<p><span style=\"color: #800000;\"><strong><a style=\"color: #800000;\" title=\"talleres\" href=\"http:\/\/fundacionpuertocolombia.org\/en\/proyectos\/estacion-arte\/talleres-todo-el-ano\/\">Talleres (Todo el a\u00f1o)<\/a><\/strong><\/span><\/p>\n<p><strong><span style=\"color: #000000;\"><a href=\"http:\/\/fundacionpuertocolombia.org\/en\/proyectos\/estacion-arte\/un-tinto-para-la-reflexion\/\">Un tinto para la reflexi\u00f3n<\/a><\/span><\/strong><\/p>\n<p>&nbsp;<\/p>","protected":false},"excerpt":{"rendered":"<p>Cine a la Plaza Cine Foro La Estaci\u00f3n Exposiciones (trimestrales) Talleres (Todo el a\u00f1o) Un tinto para la reflexi\u00f3n &nbsp; <a class=\"continue-reading-link\" href=\"https:\/\/fundacionpuertocolombia.org\/en\/proyectos\/estacion-arte\/\">Seguir Leyendo<\/a><\/p>","protected":false},"author":1,"featured_media":0,"parent":48,"menu_order":3,"comment_status":"closed","ping_status":"closed","template":"","meta":{"footnotes":""},"class_list":["post-1701","page","type-page","status-publish","hentry"],"yoast_head":"<!-- This site is optimized with the Yoast SEO Premium plugin v22.2 (Yoast SEO v27.4) - https:\/\/yoast.com\/product\/yoast-seo-premium-wordpress\/ -->\n<title>Estacionarte - Fundaci\u00f3n Puerto Colombia<\/title>\n<meta name=\"robots\" content=\"index, follow, max-snippet:-1, max-image-preview:large, max-video-preview:-1\" \/>\n<link rel=\"canonical\" href=\"https:\/\/fundacionpuertocolombia.org\/en\/proyectos\/estacion-arte\/\" \/>\n<meta property=\"og:locale\" content=\"en_US\" \/>\n<meta property=\"og:type\" content=\"article\" \/>\n<meta property=\"og:title\" content=\"Estacionarte\" \/>\n<meta property=\"og:description\" content=\"Cine a la Plaza Cine Foro La Estaci\u00f3n Exposiciones (trimestrales) Talleres (Todo el a\u00f1o) Un tinto para la reflexi\u00f3n &nbsp; Seguir Leyendo\" \/>\n<meta property=\"og:url\" content=\"https:\/\/fundacionpuertocolombia.org\/en\/proyectos\/estacion-arte\/\" \/>\n<meta property=\"og:site_name\" content=\"Fundaci\u00f3n Puerto Colombia\" \/>\n<meta property=\"article:modified_time\" content=\"2024-03-19T20:13:43+00:00\" \/>\n<meta property=\"og:image\" content=\"http:\/\/fundacionpuertocolombia.org\/wp-content\/uploads\/2015\/02\/estacion-ferrocarril-foto-Juan-C-Segura.jpg\" \/>\n<meta name=\"twitter:card\" content=\"summary_large_image\" \/>\n<meta name=\"twitter:label1\" content=\"Est. reading time\" \/>\n\t<meta name=\"twitter:data1\" content=\"1 minute\" \/>\n<script type=\"application\/ld+json\" class=\"yoast-schema-graph\">{\"@context\":\"https:\\\/\\\/schema.org\",\"@graph\":[{\"@type\":\"WebPage\",\"@id\":\"https:\\\/\\\/fundacionpuertocolombia.org\\\/proyectos\\\/estacion-arte\\\/\",\"url\":\"https:\\\/\\\/fundacionpuertocolombia.org\\\/proyectos\\\/estacion-arte\\\/\",\"name\":\"Estacionarte - Fundaci\u00f3n Puerto Colombia\",\"isPartOf\":{\"@id\":\"https:\\\/\\\/fundacionpuertocolombia.org\\\/#website\"},\"primaryImageOfPage\":{\"@id\":\"https:\\\/\\\/fundacionpuertocolombia.org\\\/proyectos\\\/estacion-arte\\\/#primaryimage\"},\"image\":{\"@id\":\"https:\\\/\\\/fundacionpuertocolombia.org\\\/proyectos\\\/estacion-arte\\\/#primaryimage\"},\"thumbnailUrl\":\"http:\\\/\\\/fundacionpuertocolombia.org\\\/wp-content\\\/uploads\\\/2015\\\/02\\\/estacion-ferrocarril-foto-Juan-C-Segura.jpg\",\"datePublished\":\"2015-02-03T16:34:52+00:00\",\"dateModified\":\"2024-03-19T20:13:43+00:00\",\"breadcrumb\":{\"@id\":\"https:\\\/\\\/fundacionpuertocolombia.org\\\/proyectos\\\/estacion-arte\\\/#breadcrumb\"},\"inLanguage\":\"en-US\",\"potentialAction\":[{\"@type\":\"ReadAction\",\"target\":[\"https:\\\/\\\/fundacionpuertocolombia.org\\\/proyectos\\\/estacion-arte\\\/\"]}]},{\"@type\":\"ImageObject\",\"inLanguage\":\"en-US\",\"@id\":\"https:\\\/\\\/fundacionpuertocolombia.org\\\/proyectos\\\/estacion-arte\\\/#primaryimage\",\"url\":\"http:\\\/\\\/fundacionpuertocolombia.org\\\/wp-content\\\/uploads\\\/2015\\\/02\\\/estacion-ferrocarril-foto-Juan-C-Segura.jpg\",\"contentUrl\":\"http:\\\/\\\/fundacionpuertocolombia.org\\\/wp-content\\\/uploads\\\/2015\\\/02\\\/estacion-ferrocarril-foto-Juan-C-Segura.jpg\"},{\"@type\":\"BreadcrumbList\",\"@id\":\"https:\\\/\\\/fundacionpuertocolombia.org\\\/proyectos\\\/estacion-arte\\\/#breadcrumb\",\"itemListElement\":[{\"@type\":\"ListItem\",\"position\":1,\"name\":\"Portada\",\"item\":\"https:\\\/\\\/fundacionpuertocolombia.org\\\/\"},{\"@type\":\"ListItem\",\"position\":2,\"name\":\"Proyectos\",\"item\":\"https:\\\/\\\/fundacionpuertocolombia.org\\\/proyectos\\\/\"},{\"@type\":\"ListItem\",\"position\":3,\"name\":\"Estacionarte\"}]},{\"@type\":\"WebSite\",\"@id\":\"https:\\\/\\\/fundacionpuertocolombia.org\\\/#website\",\"url\":\"https:\\\/\\\/fundacionpuertocolombia.org\\\/\",\"name\":\"Fundaci\u00f3n Puerto Colombia\",\"description\":\"Tierra Firme Para La Cultura!\",\"potentialAction\":[{\"@type\":\"SearchAction\",\"target\":{\"@type\":\"EntryPoint\",\"urlTemplate\":\"https:\\\/\\\/fundacionpuertocolombia.org\\\/?s={search_term_string}\"},\"query-input\":{\"@type\":\"PropertyValueSpecification\",\"valueRequired\":true,\"valueName\":\"search_term_string\"}}],\"inLanguage\":\"en-US\"}]}<\/script>\n<!-- \/ Yoast SEO Premium plugin. -->","yoast_head_json":{"title":"Estacionarte - Fundaci\u00f3n Puerto Colombia","robots":{"index":"index","follow":"follow","max-snippet":"max-snippet:-1","max-image-preview":"max-image-preview:large","max-video-preview":"max-video-preview:-1"},"canonical":"https:\/\/fundacionpuertocolombia.org\/en\/proyectos\/estacion-arte\/","og_locale":"en_US","og_type":"article","og_title":"Estacionarte","og_description":"Cine a la Plaza Cine Foro La Estaci\u00f3n Exposiciones (trimestrales) Talleres (Todo el a\u00f1o) Un tinto para la reflexi\u00f3n &nbsp; Seguir Leyendo","og_url":"https:\/\/fundacionpuertocolombia.org\/en\/proyectos\/estacion-arte\/","og_site_name":"Fundaci\u00f3n Puerto Colombia","article_modified_time":"2024-03-19T20:13:43+00:00","og_image":[{"url":"http:\/\/fundacionpuertocolombia.org\/wp-content\/uploads\/2015\/02\/estacion-ferrocarril-foto-Juan-C-Segura.jpg","type":"","width":"","height":""}],"twitter_card":"summary_large_image","twitter_misc":{"Est. reading time":"1 minute"},"schema":{"@context":"https:\/\/schema.org","@graph":[{"@type":"WebPage","@id":"https:\/\/fundacionpuertocolombia.org\/proyectos\/estacion-arte\/","url":"https:\/\/fundacionpuertocolombia.org\/proyectos\/estacion-arte\/","name":"Estacionarte - Fundaci\u00f3n Puerto Colombia","isPartOf":{"@id":"https:\/\/fundacionpuertocolombia.org\/#website"},"primaryImageOfPage":{"@id":"https:\/\/fundacionpuertocolombia.org\/proyectos\/estacion-arte\/#primaryimage"},"image":{"@id":"https:\/\/fundacionpuertocolombia.org\/proyectos\/estacion-arte\/#primaryimage"},"thumbnailUrl":"http:\/\/fundacionpuertocolombia.org\/wp-content\/uploads\/2015\/02\/estacion-ferrocarril-foto-Juan-C-Segura.jpg","datePublished":"2015-02-03T16:34:52+00:00","dateModified":"2024-03-19T20:13:43+00:00","breadcrumb":{"@id":"https:\/\/fundacionpuertocolombia.org\/proyectos\/estacion-arte\/#breadcrumb"},"inLanguage":"en-US","potentialAction":[{"@type":"ReadAction","target":["https:\/\/fundacionpuertocolombia.org\/proyectos\/estacion-arte\/"]}]},{"@type":"ImageObject","inLanguage":"en-US","@id":"https:\/\/fundacionpuertocolombia.org\/proyectos\/estacion-arte\/#primaryimage","url":"http:\/\/fundacionpuertocolombia.org\/wp-content\/uploads\/2015\/02\/estacion-ferrocarril-foto-Juan-C-Segura.jpg","contentUrl":"http:\/\/fundacionpuertocolombia.org\/wp-content\/uploads\/2015\/02\/estacion-ferrocarril-foto-Juan-C-Segura.jpg"},{"@type":"BreadcrumbList","@id":"https:\/\/fundacionpuertocolombia.org\/proyectos\/estacion-arte\/#breadcrumb","itemListElement":[{"@type":"ListItem","position":1,"name":"Portada","item":"https:\/\/fundacionpuertocolombia.org\/"},{"@type":"ListItem","position":2,"name":"Proyectos","item":"https:\/\/fundacionpuertocolombia.org\/proyectos\/"},{"@type":"ListItem","position":3,"name":"Estacionarte"}]},{"@type":"WebSite","@id":"https:\/\/fundacionpuertocolombia.org\/#website","url":"https:\/\/fundacionpuertocolombia.org\/","name":"Fundaci\u00f3n Puerto Colombia","description":"Tierra Firme Para La Cultura!","potentialAction":[{"@type":"SearchAction","target":{"@type":"EntryPoint","urlTemplate":"https:\/\/fundacionpuertocolombia.org\/?s={search_term_string}"},"query-input":{"@type":"PropertyValueSpecification","valueRequired":true,"valueName":"search_term_string"}}],"inLanguage":"en-US"}]}},"_links":{"self":[{"href":"https:\/\/fundacionpuertocolombia.org\/en\/wp-json\/wp\/v2\/pages\/1701","targetHints":{"allow":["GET"]}}],"collection":[{"href":"https:\/\/fundacionpuertocolombia.org\/en\/wp-json\/wp\/v2\/pages"}],"about":[{"href":"https:\/\/fundacionpuertocolombia.org\/en\/wp-json\/wp\/v2\/types\/page"}],"author":[{"embeddable":true,"href":"https:\/\/fundacionpuertocolombia.org\/en\/wp-json\/wp\/v2\/users\/1"}],"replies":[{"embeddable":true,"href":"https:\/\/fundacionpuertocolombia.org\/en\/wp-json\/wp\/v2\/comments?post=1701"}],"version-history":[{"count":0,"href":"https:\/\/fundacionpuertocolombia.org\/en\/wp-json\/wp\/v2\/pages\/1701\/revisions"}],"up":[{"embeddable":true,"href":"https:\/\/fundacionpuertocolombia.org\/en\/wp-json\/wp\/v2\/pages\/48"}],"wp:attachment":[{"href":"https:\/\/fundacionpuertocolombia.org\/en\/wp-json\/wp\/v2\/media?parent=1701"}],"curies":[{"name":"wp","href":"https:\/\/api.w.org\/{rel}","templated":true}]}}

<p><a href="http://fundacionpuertocolombia.org/wp-content/uploads/2015/02/estacion-ferrocarril-foto-Juan-C-Segura.jpg"><img fetchpriority="high" decoding="async" class="alignleft wp-image-2789" src="http://fundacionpuertocolombia.org/wp-content/uploads/2015/02/estacion-ferrocarril-foto-Juan-C-Segura.jpg" alt="estacion ferrocarril, foto Juan C Segura" width="350" height="518" srcset="https://fundacionpuertocolombia.org/wp-content/uploads/2015/02/estacion-ferrocarril-foto-Juan-C-Segura.jpg 510w, https://fundacionpuertocolombia.org/wp-content/uploads/2015/02/estacion-ferrocarril-foto-Juan-C-Segura-203x300.jpg 203w, https://fundacionpuertocolombia.org/wp-content/uploads/2015/02/estacion-ferrocarril-foto-Juan-C-Segura-101x150.jpg 101w" sizes="(max-width: 350px) 100vw, 350px" /></a><span style="color: #800000;"><strong><a style="color: #800000;" title="CINE A LA PLAZA (Todos los martes)" href="http://fundacionpuertocolombia.org/en/proyectos/estacion-arte/cine-club/">Cine a la Plaza</a></strong></span></p>
<p><span style="color: #800000;"><strong><a style="color: #800000;" title="Cine Foro la Estación" href="http://fundacionpuertocolombia.org/en/proyectos/estacion-arte/cine-foro-la-estacion/">Cine Foro La Estación</a></strong></span></p>
<p><span style="color: #800000;"><strong><a style="color: #800000;" href="http://fundacionpuertocolombia.org/en/ultimas-exposiciones/">Exposiciones (trimestrales)</a></strong></span></p>
<p><span style="color: #800000;"><strong><a style="color: #800000;" title="talleres" href="http://fundacionpuertocolombia.org/en/proyectos/estacion-arte/talleres-todo-el-ano/">Talleres (Todo el año)</a></strong></span></p>
<p><strong><span style="color: #000000;"><a href="http://fundacionpuertocolombia.org/en/proyectos/estacion-arte/un-tinto-para-la-reflexion/">Un tinto para la reflexión</a></span></strong></p>
<p>&nbsp;</p>

<p>Cine a la Plaza Cine Foro La Estación Exposiciones (trimestrales) Talleres (Todo el año) Un tinto para la reflexión &nbsp; <a class="continue-reading-link" href="https://fundacionpuertocolombia.org/en/proyectos/estacion-arte/">Seguir Leyendo</a></p>

<!-- This site is optimized with the Yoast SEO Premium plugin v22.2 (Yoast SEO v27.4) - https://yoast.com/product/yoast-seo-premium-wordpress/ -->
<title>Estacionarte - Fundación Puerto Colombia</title>
<meta name="robots" content="index, follow, max-snippet:-1, max-image-preview:large, max-video-preview:-1" />
<link rel="canonical" href="https://fundacionpuertocolombia.org/en/proyectos/estacion-arte/" />
<meta property="og:locale" content="en_US" />
<meta property="og:type" content="article" />
<meta property="og:title" content="Estacionarte" />
<meta property="og:description" content="Cine a la Plaza Cine Foro La Estación Exposiciones (trimestrales) Talleres (Todo el año) Un tinto para la reflexión &nbsp; Seguir Leyendo" />
<meta property="og:url" content="https://fundacionpuertocolombia.org/en/proyectos/estacion-arte/" />
<meta property="og:site_name" content="Fundación Puerto Colombia" />
<meta property="article:modified_time" content="2024-03-19T20:13:43+00:00" />
<meta property="og:image" content="http://fundacionpuertocolombia.org/wp-content/uploads/2015/02/estacion-ferrocarril-foto-Juan-C-Segura.jpg" />
<meta name="twitter:card" content="summary_large_image" />
<meta name="twitter:label1" content="Est. reading time" />
	<meta name="twitter:data1" content="1 minute" />
<script type="application/ld+json" class="yoast-schema-graph">{"@context":"https:\/\/schema.org","@graph":[{"@type":"WebPage","@id":"https:\/\/fundacionpuertocolombia.org\/proyectos\/estacion-arte\/","url":"https:\/\/fundacionpuertocolombia.org\/proyectos\/estacion-arte\/","name":"Estacionarte - Fundación Puerto Colombia","isPartOf":{"@id":"https:\/\/fundacionpuertocolombia.org\/#website"},"primaryImageOfPage":{"@id":"https:\/\/fundacionpuertocolombia.org\/proyectos\/estacion-arte\/#primaryimage"},"image":{"@id":"https:\/\/fundacionpuertocolombia.org\/proyectos\/estacion-arte\/#primaryimage"},"thumbnailUrl":"http:\/\/fundacionpuertocolombia.org\/wp-content\/uploads\/2015\/02\/estacion-ferrocarril-foto-Juan-C-Segura.jpg","datePublished":"2015-02-03T16:34:52+00:00","dateModified":"2024-03-19T20:13:43+00:00","breadcrumb":{"@id":"https:\/\/fundacionpuertocolombia.org\/proyectos\/estacion-arte\/#breadcrumb"},"inLanguage":"en-US","potentialAction":[{"@type":"ReadAction","target":["https:\/\/fundacionpuertocolombia.org\/proyectos\/estacion-arte\/"]}]},{"@type":"ImageObject","inLanguage":"en-US","@id":"https:\/\/fundacionpuertocolombia.org\/proyectos\/estacion-arte\/#primaryimage","url":"http:\/\/fundacionpuertocolombia.org\/wp-content\/uploads\/2015\/02\/estacion-ferrocarril-foto-Juan-C-Segura.jpg","contentUrl":"http:\/\/fundacionpuertocolombia.org\/wp-content\/uploads\/2015\/02\/estacion-ferrocarril-foto-Juan-C-Segura.jpg"},{"@type":"BreadcrumbList","@id":"https:\/\/fundacionpuertocolombia.org\/proyectos\/estacion-arte\/#breadcrumb","itemListElement":[{"@type":"ListItem","position":1,"name":"Portada","item":"https:\/\/fundacionpuertocolombia.org\/"},{"@type":"ListItem","position":2,"name":"Proyectos","item":"https:\/\/fundacionpuertocolombia.org\/proyectos\/"},{"@type":"ListItem","position":3,"name":"Estacionarte"}]},{"@type":"WebSite","@id":"https:\/\/fundacionpuertocolombia.org\/#website","url":"https:\/\/fundacionpuertocolombia.org\/","name":"Fundación Puerto Colombia","description":"Tierra Firme Para La Cultura!","potentialAction":[{"@type":"SearchAction","target":{"@type":"EntryPoint","urlTemplate":"https:\/\/fundacionpuertocolombia.org\/?s={search_term_string}"},"query-input":{"@type":"PropertyValueSpecification","valueRequired":true,"valueName":"search_term_string"}}],"inLanguage":"en-US"}]}</script>
<!-- / Yoast SEO Premium plugin. -->

Estacionarte - Fundación Puerto Colombia

Cine a la Plaza Cine Foro La Estación Exposiciones (trimestrales) Talleres (Todo el año) Un tinto para la reflexión &nbsp; Seguir Leyendo

Fundación Puerto Colombia
